4 = f*a. What is the tens digit of h?
6
Let p(j) = 7*j**3 - j**2 - 4*j + 2. Suppose i + 49 - 2 = 0. Let w = i - -49. What is the tens digit of p(w)?
4
Let x(v) = -8520*v - 71. What is the hundreds digit of x(-1)?
4
Let o(f) = -4*f - 136*f**3 + 10*f**2 - 8*f**2 + 2 + 153*f**3. What is the tens digit of o(1)?
1
Suppose k + 3*h - 93 = 0, 3*k = -0*k - 2*h + 300. Let d = k - -11. What is the units digit of (-2)/(-1 - 1) + d + 2?
6
Suppose 2*w - 20270 = -3*h, -48*h = -w - 52*h + 10150. What is the hundreds digit of w?
1
Let u(f) = -f**3 + 5*f**2 + f - 2. Let q be u(5). Suppose -30 = q*g - 9*g. Suppose 3*j - 600 = -g*r - 48, 3*r + 5*j = 344. What is the units digit of r?
8
Suppose -4*o + 913 = 7*o. Let i = -79 + o. Suppose 3*n - 115 = -w, n + i*w + 6 = 59. What is the tens digit of n?
3
Suppose 3*l + 3826 = -5*z, -5*z - 2*l = 3909 - 85. What is the hundreds digit of 3*z*3/(-18)?
3
Let t(n) = 1610*n - 135. What is the hundreds digit of t(8)?
7
Let h be 3/6 + (6822/(-4))/(-3). Let s = h + -314. What is the units digit of s?
5
Let p be (-1374)/24 + 1*(-9)/12. Let j = 63 + p. Suppose -3*a + j*a - 506 = 0. What is the units digit of a?
3
Suppose -5 = q, 279 = -3*k + 4*q + 77. Let b be (k/8*-2)/(20/40). Suppose 9*g - 100 = -b. What is the units digit of g?
7
Let h(w) be the first derivative of -13*w**2/2 + 8*w - 21. Let l(g) = g**2 - 4*g - 2. Let v be l(3). What is the units digit of h(v)?
3
Let d = -10299 + 18412. What is the tens digit of d?
1
Let x(k) = 30*k**2 - 3*k - 3. Let r be x(-2). Let z(a) = -a**3 + 14*a**2 - 3*a + 44. Let d be z(14). Suppose -u = d*u - r. What is the units digit of u?
1
Suppose -25*n - 23253 = -77203. What is the units digit of n?
8
Let o(w) = w**3 - 18*w**2 + 43*w + 43. What is the units digit of o(15)?
3
Let b be (-35088)/14 + (-4)/(-56)*4. Let f be 2/12 + b*1/(-12). Suppose 3*x = f + 1. What is the tens digit of x?
7
Suppose 15 = -w + 4*w. Suppose 0 = w*u, 3*g + u - 6 = 5*u. Suppose 2*x + g*x = 388. What is the tens digit of x?
9
Suppose 9190 = g + 5*m, 0 = g - 6*m + 7*m - 9182. What is the thousands digit of g?
9
Let s(l) = 36*l**3 - 6*l**2 - 10*l + 60. Let f be s(5). Suppose -18*a + 11236 = f. What is the units digit of a?
2
Let w = -18 - -21. Let n be 65/(-26)*((-48)/10)/w. Suppose -4*p - 5 = -n*i - 269, 273 = 4*p + 5*i. What is the tens digit of p?
6
Suppose -3*z = 3*s - 186, 29 = z - 2*s - 18. Let j(i) = i**3 + 2*i**2 - 2*i + 5. Let p be j(-4). Let a = p + z. What is the tens digit of a?
3
Let l(r) = -2*r**3 - 10*r**2 + 5*r - 7. Let p be l(-6). Let n = -30 + p. Suppose 0 = 3*z - 4*x - 218, 5*z + n*x - 272 = 138. What is the tens digit of z?
7
Suppose -42*f = -1209 - 849. What is the units digit of f?
9
Let a = -153 + 177. What is the hundreds digit of -197*(a/(-16))/((-3)/(-2))?
1
What is the tens digit of (-76226)/(-8) + -7 - ((-10)/2)/(-20)?
2
Let f be 24/108 + (-88)/(-9). What is the hundreds digit of ((-745)/f)/(1/2*-1)?
1
Suppose -3*g - 3*b = -25 - 125, 2*b = -2. Let w be (3 - g/15)/(2/(-10)). Suppose -o = -w*o + 99. What is the tens digit of o?
9
Let y = -517 - -513. What is the thousands digit of ((-66)/y)/(-3*2/(-540))?
1
Let o(m) = 74*m**2 - 1526*m - 58. What is the units digit of o(31)?
0
Let r = -16994 - -24006. What is the tens digit of r?
1
Suppose 182 = -z - 346. Let m = z - -746. Suppose 3*k - m = 61. What is the units digit of k?
3
Suppose -j - 24754 = -5*r, 282*r - 14851 = 279*r + 2*j. What is the units digit of r?
1
Let i be -2081 - 55 - 6/(2 + -4). Let w = i + 3339. What is the thousands digit of w?
1
Suppose -22 = -4*p - h, 4*p - 2*p = -4*h + 18. Suppose p*u + 4*g = 1629, -u + 3*g + 277 + 64 = 0. What is the units digit of u?
9
Suppose 3*b = 75 - 294. Let z = b - -77. Suppose -n + 4*a = a - 222, -z*a = 5*n - 1034. What is the tens digit of n?
1
Let w be (1470/(-45))/((-44)/42 - -1). Suppose -2*u + 331 = -i, -4*i - 6 = 4*u - w. What is the units digit of u?
7
Let b be ((-16)/28)/(3/(-21)). Suppose -2*j - a = 2*j - 13, -b*j - 3*a = -23. Suppose -16 = -6*q + j*q. What is the units digit of q?
4
Suppose 8370*o - 8388*o + 214884 = 0. What is the units digit of o?
8
Let q(v) = v**2 + 19*v + 68. Let n be q(-7). Let s(o) = -43*o - 71. What is the units digit of s(n)?
7
Let p be (12/9)/(4/(-72)). Let j = -3 - p. Suppose -6*t + j + 297 = 0. What is the units digit of t?
3
Suppose f - 298 + 300 = 0. Let w(v) = -83*v**3 + 2*v**2 - 4*v - 4. What is the tens digit of w(f)?
7
Suppose -29*a = -54 - 62. Suppose 0 = -a*s + 5*h + 7569, -3*s - 13*h = -12*h - 5653. What is the units digit of s?
6
Suppose 537 = 9*c - 111. Let p = 87 - c. What is the tens digit of p?
1
Let l(i) be the first derivative of -7*i**4/4 + i**3/3 - i**2 - 4*i + 8. Let k be l(-4). Suppose -f = 3*f - k. What is the hundreds digit of f?
1
Suppose o - 2*o = 5*z + 236, -3*z = 5*o + 146. Let y = z + 116. Suppose -2*q + y = -q. What is the tens digit of q?
6
Suppose -88 = 2*a - 74, 3*a = k - 29492. What is the hundreds digit of k?
4
Let a be ((-28)/(-35) + -2)/((-2)/25). What is the units digit of (-3392)/(-5) - (5 + (-69)/a)?
8
Let s(u) = 13*u - 22 + 9*u + 8*u - 26*u. What is the tens digit of s(11)?
2
Suppose 5*y + 78 - 433 = 0. Let w = 57 - y. Let g = w - -63. What is the tens digit of g?
4
Let n be (74/(-4))/((-36)/792). Suppose 453 = 4*s - n. What is the tens digit of s?
1
Let c(d) = -4*d - 7*d - 26 + 19*d - 6*d. Let a be c(15). Suppose 3*z + 99 + 104 = b, 4*b - 860 = -a*z. What is the units digit of b?
2
Suppose -4*t - 28641 = -r - 9735, -3*t = 5*r - 94530. What is the tens digit of r?
0
Suppose -u - 4*i - 14 = 0, 4*u - i + 2*i - 4 = 0. Suppose -7*g + 25 = -u*g. Suppose g*w = -87 + 297. What is the tens digit of w?
4
What is the ten thousands digit of 32135*(30 + -19 + (-7 - 2))?
6
Let y(p) = -2*p**2 + 12*p + 3. Let x be y(6). Suppose -13*k + 1200 = x*k. What is the units digit of k?
5
Suppose 18*j = 61 + 11. Suppose -19*k + 15*k = -4*q - 4208, 0 = -2*k - j*q + 2098. What is the hundreds digit of k?
0
Suppose -g = -5*p + 38376, 2*g - 5*g = -3*p + 23016. What is the thousands digit of p?
7
Suppose -4*o + 2012 = 2*w, -5*o + 1618 = 2*w - 397. What is the tens digit of w?
0
Let c be 12/2 + -3*1. Suppose c*r - 212 - 116 = -j, 0 = -3*r + j + 338. What is the units digit of r?
1
Let w = -164 - -813. Suppose 0 = 5*x - x + 16, -t = x - w. What is the hundreds digit of t?
6
Let l(i) = -9*i**2 - 2*i + 8. Let o be l(2). What is the units digit of (26 - o)/(2/4)?
6
Let d be (-2 - -1 - 2)/((-69)/(-184)). Let n(u) = -u**3 - u**2 - u + 18. What is the units digit of n(d)?
4
Let u(i) be the second derivative of i**5/20 + i**4/6 + i**3/6 - 2*i**2 + 17*i + 3. What is the tens digit of u(3)?
4
Let q be (1 + -15 + 1)/(15/225). Let r = -128 + q. What is the tens digit of r/(-3) - 1/(-3)?
0
What is the ten thousands digit of 6*1*(-227514)/(-126)?
1
Let v = 543 - 538. Suppose 0 = -3*m - v*o + 625, 2*o = m + 3*m - 868. What is the hundreds digit of m?
2
What is the thousands digit of 27454 + (0 - 5) + (0 - (4 - 0))?
7
Suppose -14*p + 3*n = -12*p - 14473, -4*p + 28901 = 3*n. What is the units digit of p?
9
Suppose 18*m + 236055 - 428039 - 447070 = 0. What is the units digit of m?
3
Let m be -25*((-4)/(-6))/((-2)/15). Let o = -87 + 146. Suppose -o - m = -2*s. What is the tens digit of s?
9
Let t(v) = 3*v**2 - 29*v + 67. What is the units digit of t(60)?
7
Let k = 9 + -7. Suppose -k*c = -3*w, -2*c = -3*w + 5*w - 10. Suppose -7*n + 84 = -c*n. What is the tens digit of n?
2
Suppose 3*t + 3*x - 8 = 5*x, x = -t + 6. Let p(g) = -g**2 + 8*g - 16. Let w be p(t). Suppose w = -3*h + 81 + 12. What is the units digit of h?
1
Let m = -19955 + 26313. What is the units digit of m?
8
Let z(q) = -q**3 + 16*q**2 - 23*q - 13. Let s be z(18). Let p = -610 - s. What is the units digit of p?
5
Suppose -9 = -3*g, q + 4*q + g - 13 = 0. Suppose q*c - 3*c = 166. What is the tens digit of (c/(-4) - 0)/(2/4)?
8
Let d(t) = t**3 + 4*t**2 - 16*t + 10. Suppose l = -3*k + 1, -5*l + 37 = -0*k - k. What is the tens digit of d(l)?
3
Suppose 5*s + r = 347175, -s - 3*r - 5266 = -74715. What is the tens digit of s?
3
Let r be (-18)/(-5) + 6/15 + 0. Suppose -7*l + 5*l + r = 0. Suppose 136 = 2*z + l*a, -4*z - a = -185 - 96. What is the tens digit of z?
7
Suppose 21*c + 121 = 373. Suppose -4*k + 3*j + 4523 = 0,